ple of 537?
True
Is 27 a factor of 35224249?
False
Does 56 divide 561414541?
False
Does 17 divide 67882192?
False
Does 68 divide 111058125?
False
Is 174003210 a multiple of 2037?
False
Is 15 a factor of 16719753?
False
Does 42 divide 23733208?
False
Is 1150 a factor of 241040364?
False
Is 6 a factor of 99796291?
False
Is 36 a factor of 314510832?
True
Is 303468367 a multiple of 19?
False
Is 66824940 a multiple of 42?
True
Does 2790 divide 105456420?
True
Is 20 a factor of 23119360?
True
Is 114 a factor of 102283536?
True
Does 237 divide 434790009?
True
Is 1032621216 a multiple of 42?
False
Is 477 a factor of 10329356?
False
Is 56 a factor of 263061230?
False
Is 88 a factor of 55143334?
False
Is 26256122 a multiple of 82?
False
Is 225514815 a multiple of 291?
True
Is 36277080 a multiple of 57?
True
Does 39 divide 26716048?
False
Is 212 a factor of 48941684?
True
Is 197 a factor of 349781081?
False
Is 370353060 a multiple of 495?
True
Is 4292353 a multiple of 31?
True
Does 4 divide 155777916?
True
Does 1586 divide 659209798?
True
Is 693 a factor of 270000859?
False
Does 34 divide 4556786726?
True
Is 59744800 a multiple of 851?
False
Is 3267 a factor of 232269197?
False
Is 6283 a factor of 2432362922?
True
Does 2316 divide 45288100?
False
Is 11 a factor of 13565783?
True
Does 8 divide 34110149?
False
Is 48089222 a multiple of 94?
False
Is 165 a factor of 85752645?
True
Is 15 a factor of 10710795?
True
Does 702 divide 1357003908?
True
Is 1891 a factor of 171004475?
False
Is 131 a factor of 437371796?
True
Is 83 a factor of 589831947?
True
Does 365 divide 92646496?
False
Is 46629645 a multiple of 515?
True
Is 120106020 a multiple of 340?
True
Is 492 a factor of 567109704?
True
Is 11 a factor of 108607122?
False
Does 38 divide 241175018?
True
Is 21 a factor of 450803109?
False
Is 3058081 a multiple of 13?
True
Does 2244 divide 317797524?
True
Is 185161207 a multiple of 3157?
True
Is 104476630 a multiple of 417?
False
Is 271 a factor of 36837572?
True
Is 2049 a factor of 100120287?
True
Is 5 a factor of 1536146?
False
Is 117589449 a multiple of 216?
False
Is 162 a factor of 5169323?
False
Is 13478423 a multiple of 10?
False
Is 40817900 a multiple of 142?
True
Is 5159112 even?
True
Does 13 divide 465929969?
False
Is 215025608 a multiple of 56?
True
Is 7104 a factor of 1019921280?
True
Is 806 a factor of 134371421?
False
Is 1312638104 a multiple of 24?
False
Is 5080615575 a multiple of 981?
False
Is 143751133 a multiple of 17?
True
Is 198202918 a multiple of 272?
False
Is 18 a factor of 409734?
True
Does 25 divide 2099375?
True
Does 85 divide 974280983?
False
Does 96 divide 2084448?
True
Does 542 divide 2608953647?
False
Does 12 divide 374356476?
True
Is 49686504 a multiple of 291?
True
Is 439343005 a multiple of 15?
False
Is 168 a factor of 6581315?
False
Does 234 divide 42752684?
False
Is 2423300 a multiple of 498?
False
Does 27 divide 83004669?
True
Is 100 a factor of 799225100?
True
Is 28874544 a multiple of 12?
True
Is 309 a factor of 69072191?
False
Does 9 divide 14486706?
True
Does 8 divide 12009429?
False
Is 250124605 a multiple of 326?
False
Is 297198951 a multiple of 1839?
True
Is 965264 a multiple of 688?
True
Is 611678186 a multiple of 7?
True
Is 369789438 a multiple of 6?
True
Is 66954472 a multiple of 1196?
True
Is 218 a factor of 9802668?
False
Is 247 a factor of 37295518?
True
Is 377 a factor of 70701940?
False
Does 967 divide 13483848?
True
Is 3924480255 a multiple of 15?
True
Does 13 divide 56087392?
False
Is 83395909 a multiple of 1931?
False
Is 12 a factor of 951076619?
False
Is 37936944 a multiple of 216?
True
Does 2846 divide 65528910?
False
Does 70 divide 22034110?
True
Is 279 a factor of 873054790?
False
Is 170200313 a multiple of 1688?
False
Is 5 a factor of 17792267?
False
Is 1114415311 a multiple of 173?
True
Is 17441157 a multiple of 1975?
False
Is 42 a factor of 44382296?
False
Is 1046725 a multiple of 4?
False
Is 6533100 a multiple of 51?
True
Is 127 a factor of 42720006?
True
Is 358 a factor of 166977885?
False
Is 818 a factor of 128459771?
False
Is 275 a factor of 204006545?
False
Does 71 divide 15051231?
False
Does 182 divide 152301296?
False
Is 33 a factor of 14426157?
False
Does 2 divide 1058458?
True
Does 2497 divide 384951061?
False
Is 1141 a factor of 297530583?
True
Is 31158720 a multiple of 60?
True
Is 58394410 a multiple of 6?
False
Is 1502025000 a multiple of 5000?
True
Does 80 divide 725309054?
False
Is 81 a factor of 10537579?
False
Is 77842655 a multiple of 65?
False
Does 277 divide 62011713?
True
Does 128 divide 4013440?
True
Does 18 divide 12817697?
False
Is 1017364932 a multiple of 306?
True
Is 74598442 a multiple of 383?
True
Is 320837946 a multiple of 7?
False
Is 22234844 a multiple of 105?
False
Does 39 divide 29053432?
False
Does 15 divide 2333895?
True
Is 36571202 a multiple of 14?
False
Is 355526049 a multiple of 17?
True
Is 1121058 a multiple of 56?
False
Is 168165148 a multiple of 9?
False
Is 227 a factor of 207012363?
False
Is 15 a factor of 2126746875?
True
Is 308177298 a multiple of 891?
True
Is 497351817 a multiple of 10?
False
Is 91 a factor of 29206524?
False
Does 64 divide 16148864?
True
Does 31 divide 60903157?
False
Does 30 divide 68360070?
True
Is 20 a factor of 15126860?
True
Is 94800045 a multiple of 5?
True
Is 4014 a factor of 190376168?
False
Is 3 a factor of 106948184?
False
Is 44717698 a multiple of 9?
False
Is 723947392 a multiple of 896?
True
Is 1692 a factor of 25386768?
True
Is 1816978284 a multiple of 1188?
True
Does 240 divide 54732000?
True
Does 5601 divide 1445175621?
True
Does 152 divide 19539675?
False
Does 7 divide 4890809?
True
Is 59986439 a multiple of 57?
False
Is 932 a factor of 298141208?
True
Is 141656569 a multiple of 3786?
False
Is 142798600 a multiple of 175?
True
Is 906 a factor of 19322109?
False
Is 101476423 a multiple of 29?
True
Does 458 divide 58956966?
True
Is 133313269 a multiple of 242?
False
Does 1289 divide 195347950?
True
Does 4186 divide 402566791?
False
Is 311 a factor of 213411856?
False
Is 7 a factor of 4305973?
True
Is 101050304 a multiple of 89?
False
Does 20 divide 3964436725?
False
Is 16 a factor of 1626439712?
True
Does 17 divide 5233020?
False
Does 35 divide 1052575447?
False
Is 14 a factor of 67455346?
True
Is 869799 a multiple of 97?
True
Does 349 divide 774826413?
False
Is 549 a factor of 195729762?
False
Is 72696505 a multiple of 7?
True
Does 3141 divide 49954825?
False
Is 126 a factor of 1987398?
True
Does 27 divide 1065972351?
False
Does 16 divide 74572947?
False
Is 27377882 a multiple of 166?
True
Does 30 divide 1765125300?
True
Is 3095484980 a multiple of 1303?
True
Is 5583305337 a multiple of 13?
False
Is 1864 a factor of 104160320?
True
Does 1455 divide 298098945?
True
Does 3 divide 13885832?
False
Is 1161870091 a multiple of 1030?
False
Does 44 divide 167167132?
True
Is 67622518 a multiple of 22?
False
Does 1994 divide 492979158?
False
Is 488 a factor of 289921218?
False
Does 142 divide 47571023?
False
Is 1010 a factor of 278433887?
False
Does 3109 divide 3822136202?
True
Is 45 a factor of 2354052015?
True
Is 465945963 a multiple of 3519?
False
Is 17 a factor of 4037651742?
True
Is 1250712552 a multiple of 16?
False
Is 6 a factor of 7518582?
True
Does 4249 divide 2377549195?
True
Is 63762120 a multiple of 430?
True
Does 109 divide 561039746?
False
Does 59 divide 16715231?
True
Is 92 a factor of 366401592?
True
Does 73 divide 1197898646?
False
Is 1089062520 a multiple of 7714?
True
Does 3600 divide 38070000?
True
Is 22 a factor of 17571051?
False
Is 209 a factor of 10792265?
False
Does 43 divide 747051631?
False
Does 175 divide 2642197856?
False
Does 354 divide 8362952?
False
Does 1760 divide 79156935?
False
Is 30172637 a multiple of 799?
True
Is 36538978 a multiple of 17?
False
Does 3 divide 7209717?
True
Does 45 divide 21584336?
False
Is 100 a factor of 17903625?
False
Is 3920 a factor of 178423643?
False
Is 2129 a factor of 130598392?
False
Is 2 a factor of 19505391?
False
Does 477 divide 44268063?
False
Is 458 a factor of 4162285258?
False
Is 10 a factor of 9100500?
True
Does 9 divide 878520888?
True
Is 350 a factor of 20387051?
False
Is 100855260 a multiple of 165?
True
Is 286 a factor of 51402208?
True
Does 2015 divide 